rivative of 4*y**2 + 28. Determine m(-1).
-8
Let a = -1 + 0. Let w(z) be the third derivative of -z**6/40 - z**5/60 - z**4/24 + 12*z**2. Let d be w(a). Let u(y) = -y**3 + y**2 + 5*y - 3. What is u(d)?
-6
Suppose b - 6*b + 28 = h, -2*b + 13 = h. Let v(u) = u**2 - 6*u + 6. What is v(b)?
1
Let c(g) = -11*g + 28*g**2 + 2 - 1 + 33*g**2 - 60*g**2. Give c(10).
-9
Let u(l) = 2*l**3 - 17*l**2 - 21*l + 20. Let n(j) = 3*j**3 - 25*j**2 - 31*j + 30. Let a(h) = 5*n(h) - 7*u(h). Determine a(7).
3
Suppose 0 = -f + 5*h - 2, 3*f = 5*h + 14. Let d(m) = -2 + 5*m - 4 + f. Calculate d(-3).
-13
Let v(j) = j**3 - j**2 + 2*j + 3. Let w(x) = 3*x**3 - x**2 + 5*x + 7. Let o(g) = -5*v(g) + 2*w(g). Suppose f - 14 = 4*y - 0*f, 5*y + 5*f + 5 = 0. Give o(y).
-1
Let w be 17/(-5) + -5*6/(-75). Let s(d) = d**3 + 4*d**2 + 3*d + 1. Determine s(w).
1
Let m be (5 - (-2)/(-2)) + 0. Let q = -20 + 22. Suppose -3*z - m*d = -z - 2, -z = -q*d + 11. Let c(o) = -o**3 - 6*o**2 - 4*o - 2. Calculate c(z).
-7
Let m(t) be the first derivative of -1/4*t**4 + 0*t**2 - 4 + 0*t + 4/3*t**3. Suppose 5*y - 23 = -3. Calculate m(y).
0
Suppose -3*n + 4*m - 4 = -17, -11 = -5*n - 4*m. Suppose o - 12 = -n*i, -3*o - 4*i + 24 = i. Let j(u) = -2*u**2 + 2*u - 1. Give j(o).
-13
Let o(k) = 16*k - 5*k + 0*k - 7*k. Determine o(2).
8
Let b(z) = -z**3 + 6*z**2 - z + 7. Suppose 0 = 2*k - 3*k + 3*n + 11, -2*k - 3*n = 5. Suppose c - k*r = -2, 28 = 2*c - 0*r + 4*r. What is b(c)?
1
Let g(b) = -2*b + 2 - 5*b + 3*b. What is g(2)?
-6
Let v(w) = -7*w + 7. Let n(m) be the third derivative of -11*m**4/24 + 5*m**3/3 + 5*m**2. Let r(h) = -5*n(h) + 8*v(h). Determine r(0).
6
Let v(g) = -11*g. Let k(b) = -5*b - 2 - 2 + 4. Let i(r) = -5*k(r) + 2*v(r). Give i(2).
6
Let u(c) = -6*c + 5*c**2 - c**3 - 8*c - 4 + 10*c. Calculate u(4).
-4
Let o(h) = -h + 5. Suppose -13*x = -14*x. Determine o(x).
5
Let i(z) = 14*z**2 - 4*z - 17. Let o(n) = 5*n**2 - n - 6. Let x(k) = -4*i(k) + 11*o(k). Let j(d) = -6*d - 1. Let t be j(-1). Determine x(t).
2
Let i = 3 + -5. Let z(g) = g**2 + 3*g. Let j(t) = 1. Let w(u) = -j(u) + z(u). Calculate w(i).
-3
Let d be (((-2)/(-1))/(-2))/1. Let y = -2 + d. Let l(a) = -a**3 - a**2 + 3*a + 1. Calculate l(y).
10
Let y(w) = w**3 - 13*w - 2. Let m(s) = -s**2 + s. Let v(i) = 6*m(i) + y(i). Determine v(7).
-2
Suppose 0 = -3*z - 15, 3*w - 3*z - 35 = z. Let t(o) = w*o - o - 4 - o**2 + 0*o. Suppose l + 2*g - 12 = -g, g - 6 = -l. What is t(l)?
-1
Let d(y) = -y**3 + 5*y**2 + 6. Let g be 20/(-3)*(-6)/4. Suppose u = -u + g. Suppose -u*w - r + 0 + 23 = 0, -2*w + 3*r + 16 = 0. Calculate d(w).
6
Let z be 3 + (0 + 1 - 2). Let f = z + -4. Let h(l) be the third derivative of -l**5/30 + l**3/6 + 2*l**2. What is h(f)?
-7
Let f = -5 + 7. Let o(k) be the first derivative of -5*k**2/2 + 2*k - 1. Give o(f).
-8
Let f(m) = m**2 - 11. Let j(v) = 2*v**2 - 21. Let p(o) = -5*f(o) + 3*j(o). Suppose d - 12 = -2. Let c = -10 + d. Give p(c).
-8
Let n be 328/56 + (-2)/(-14). Let z(t) = -t**3 + 5*t**2 + 4*t + 8. Give z(n).
-4
Let z be (-1 + -1)/4*0. Let t(v) be the third derivative of -v**4/12 - 10*v**3/3 + 4*v**2. Let l(i) = i + 10. Let x(f) = 7*l(f) + 3*t(f). What is x(z)?
10
Let g(l) be the third derivative of l**6/120 - l**5/12 + l**4/6 + 2*l**2. Suppose 30 = 5*u - 3*h - 10, 3*h = 4*u - 32. Let p = -4 + u. What is g(p)?
0
Let p(a) = 9*a + 3. Let q = -37 + 35. Give p(q).
-15
Let a(d) = 3*d + 0*d**2 - 9*d + 3 + d**2. Let h(m) = -2*m**3 + 19*m**2 - 8*m - 5. Let y be h(9). Give a(y).
-5
Let w be -4 - 30/(-9)*3. Let j(x) = -2*x - 2*x - w*x - x. Calculate j(1).
-11
Suppose 0 = 5*s - 30 + 10. Let m(v) = -v**2 + 2*v - 2. Let y(w) = w + 1. Let j(l) = m(l) + 3*y(l). Determine j(s).
5
Let l(f) = -2*f - 27. Let u(j) = j + 13. Let t(m) = 2*l(m) + 5*u(m). Determine t(-10).
1
Let l(u) be the second derivative of -u**3/6 - 3*u**2/2 - 32*u. Calculate l(-4).
1
Suppose -4*d + 4*q + 28 = 0, -19 = -2*d + 3*q - 0*q. Suppose 4*l = -2*j - 12, d = -2*l - 5*j + 12. Let r(c) = c**2 + 7*c + 5. What is r(l)?
-5
Let g(w) = -2*w - 8. Suppose 0 = 5*d - 9 + 39. Calculate g(d).
4
Suppose -6 = g - 4*g. Let p(n) = -n**3 + 2 + n**3 - n**g + 0 + n**3. Calculate p(2).
6
Let f(t) = t**3 - t**2 - 1. Let m(w) = 7*w**3 - 11*w**2 - 4*w. Let c = 3 + -2. Let s(g) = c*m(g) - 6*f(g). What is s(5)?
-14
Let w(s) = s**2 + 6*s + 2. Let m be w(-6). Let u(j) = j**m + 2*j - 4 + 2*j + j. Let b(i) = -i**2 + i + 1. Let c be b(-2). What is u(c)?
-4
Let s(f) = -f + 9. Suppose 2*y = 2*q, -4*y + 3*q - 4*q + 25 = 0. Calculate s(y).
4
Let p = -50 - -45. Let i(k) = -k**3 - 6*k**2 - 7*k - 1. What is i(p)?
9
Let x(z) = -2*z**2 + z - 2. Let w(l) = -l + 1. Let j(q) = w(q) - x(q). Suppose 2*p - p - 2 = 0. Determine j(p).
7
Let x(r) = r**3 - 3*r**2 - 6*r + 2. Let y(l) = l**3 + l**2 + 1. Let m(d) = x(d) - 2*y(d). What is m(-4)?
8
Suppose -u - 2*u + 12 = 0. Let b(d) = -3 + 3 + u - d. Determine b(6).
-2
Let r(f) be the first derivative of f**2 + 4. Suppose 5 = 5*u - 10. Suppose -z + 2*j = -1, u*j = 3*z + j - 11. Determine r(z).
10
Let w be -3 - (1 + -7) - 2. Let d(p) = -p**2 + p - 1. Determine d(w).
-1
Let y(t) = t**3 - 2*t**2 - 4. Let q be (-2)/(6/3)*-7. Let r = q - 4. Determine y(r).
5
Let f(s) be the second derivative of s**5/20 - s**4/2 - 5*s**3/6 - 7*s**2/2 + 3*s. Calculate f(7).
7
Let j = 2 + 2. Let w(f) = j*f**2 - 8*f**2 + 1 - f + f**2. Let v be (3 + -1)*(-2 + 1). Determine w(v).
-9
Let w = 0 + 4. Let u(o) be the third derivative of 0*o**3 + 1/60*o**5 + 0 - 5*o**2 + 0*o - 1/8*o**4. What is u(w)?
4
Let n(v) = -v - 6. Let r = -66 + 59. Calculate n(r).
1
Let b(c) = 0 + 2*c - c + 11. Suppose -3*o - 2*o + 15 = 0. Suppose h - 3*s - 16 = o*h, -3*s = 6. Calculate b(h).
6
Let h(d) = -3*d**3 - 2*d - 1. Let k(t) = 4*t**3 + t**2 + 3*t + 1. Let c(i) = -3*h(i) - 2*k(i). Let y be (-2*2/4)/1. Give c(y).
-2
Let r(s) = -8*s**2 + 4*s + 6. Let x(u) = -4*u - 4 + 0*u - 1 + u + 7*u**2. Let n be 46/8 - 1/(-4). Let i(m) = n*r(m) + 7*x(m). Calculate i(-4).
5
Let q(b) = 31*b**3 + 25*b**2 - 13*b - 34. Let j(p) = -9*p**3 - 8*p**2 + 4*p + 11. Let o(m) = 7*j(m) + 2*q(m). Let i = 14 - 20. What is o(i)?
-3
Let i(m) = -m**2 + m + 1. Let f(v) = 4*v**2 + v - 9. Let r(l) = -f(l) - 5*i(l). Let d = -1 + 6. What is r(d)?
-1
Let c = 15 + -15. Let r(m) be the second derivative of -m**5/20 + m**4/12 + m**3/6 - m**2 - 2*m. Give r(c).
-2
Let w(c) = 6 - 2*c**2 - 3*c**3 + 2*c**3 + 7*c**2 - 4*c**2. Suppose 5*a = 3*a. Suppose a = y + 2*y. Determine w(y).
6
Let j = 6 + -2. Let a(u) = 1 + 2 + 2 - j - u. Let o(y) = y**2 - 1. Let m be o(1). Calculate a(m).
1
Let n(h) = -h + 6. Let b be n(3). Let r(z) = -4 - z**2 - 3 + 1 - 3*z - b*z. What is r(-6)?
-6
Let f(u) = 3*u + 3. Suppose 3*w - 28 = -5*q + 21, -2*q + 2*w + 26 = 0. Let o(s) = 7 + 8*s + 5 - 3. Let y(t) = q*f(t) - 4*o(t). Give y(5).
2
Let f(o) = 2*o + 5. Suppose 6*c - 4*l = 3*c, c = -l + 7. Suppose j + c + 0 = 0. Let a = j + 0. What is f(a)?
-3
Let w(p) be the second derivative of -p**4/6 + p**3/6 - p**2/2 + 5*p. Calculate w(2).
-7
Suppose 0*n = -m - n, -m + 20 = -3*n. Suppose 3*v - m = 1. Let h(b) = b**3 - 4*b + 3. What is h(v)?
3
Let k(h) = -h**2 + 6*h + 5. Let y(w) = -w**2 + 1. Let x(u) = k(u) - 2*y(u). What is x(-6)?
3
Let z(i) = -2*i**3 + 4*i**2 - 4*i + 3. Let w be z(2). Let d = w + 8. Let x(m) = -4 - 4*m + 1 - 24*m**3 + 2*m + 25*m**3 - 2*m**2. Determine x(d).
0
Let y(o) be the second derivative of 1/12*o**4 - o**2 + 1/6*o**3 + 0 + o. Suppose -3*h + 27 = -4*t, 2*h - 3 = t + 10. Determine y(t).
4
Let l(u) = u**2 - 5*u - 16. Let n be l(7). Let c(y) = -5*y**2 - 3*y. Calculate c(n).
-14
Let d(t) be the third derivative of t**4/8 + t**3/6 + 4*t**2. Let i(n) = 4*n + 1 + 2 + 5*n. Let y(m) = -11*d(m) + 4*i(m). What is y(-1)?
-2
Let g(j) = -j + 5. Let o be -3 + (-9)/(-1 - 2). Suppose -28 = -4*y - 4*q, y - 2*q = -5 - o. Give g(y).
2
Let y(x) = -7*x - 7 - 9 - x**2 + 6. What is y(-7)?
-10
Let x(f) = -2*f**3 - f**2 - f. Let h(i) = 3*i**3 + i**2 + 1. Let o(q) = 3*h(q) + 4*x(q). Give o(2).
-1
Let l(v) = -v**2 - 11*v - 13. Let i be l(-9). Let p(s) = 2*s - 1. Determine p(i).
9
Let q(f) = 5*f**2 - 4*f + 2. Let t(x) = 11*x**2 - 9*x + 5. Let n(r) = 9*q(r) - 4*t(r). Let w(v) = -v**3 + 2*v**2 + 8*v - 2. Let d be w(4). Give n(d).
2
Suppose 2*t - 2 = t - j, -3*t - 4 = j. Let b(k) = -k**3 - 2*k**2 + 0*k**2 + 4 - 3. Determine b(t).
